{"id":1562,"date":"2022-08-08T12:27:08","date_gmt":"2022-08-08T10:27:08","guid":{"rendered":"http:\/\/poleressources12.fr\/?page_id=1562"},"modified":"2025-01-07T15:14:02","modified_gmt":"2025-01-07T14:14:02","slug":"vous-accompagner","status":"publish","type":"page","link":"https:\/\/poleressources12.fr\/index.php\/vous-accompagner\/","title":{"rendered":"Vous accompagner"},"content":{"rendered":"[vc_row][vc_column]<div   >\n\t\t\t\t\t\t<div class=\"swmsc_container\">\n\t\t\t\t\t\t\t[vc_row_inner][vc_column_inner width=\u00a0\u00bb1\/2&Prime; css=\u00a0\u00bb.vc_custom_1459694804581{padding-bottom: 30px !important;}\u00a0\u00bb]<div  class=\"swmsc_slider_box\" >\n\t\t\t\t\t\t<div class=\"swmsc_image_slider flexslider\" data-slideAnimation=\"fade\" data-autoSlide=\"true\" data-autoSlideInterval=\"5000\" data-bulletNavigation=\"true\" data-arrowNavigation=\"true\" >\n\t\t\t\t\t\t\t<ul class=\"slides\">\n\t\t\t\t\t\t\t\t<li><a href=\"#\" target=\"_self\"><img decoding=\"async\" src=\"https:\/\/poleressources12.fr\/wp-content\/uploads\/2022\/08\/yuri-shirota-p0hDztR46cw-unsplash-scaled-e1677247341688.jpg\" alt=\"\" \/><\/a><\/li>\n\t\t\t\t\t\t\t<\/ul>\n\t\t\t\t\t\t<\/div>\n\t\t\t\t\t<\/div>[\/vc_column_inner][vc_column_inner width=\u00a0\u00bb1\/2&Prime; css=\u00a0\u00bb.vc_custom_1459694811068{padding-bottom: 30px !important;}\u00a0\u00bb]<div  class=\"swmsc_text_block\" > <span style=\"font-weight: 400;\">Vous \u00eates parents d\u2019un enfant en situation de handicap, avec une maladie chronique ou des besoins particuliers ? <\/span><\/p>\n<p><span style=\"font-weight: 400;\">Vous envisagez un <strong>mode de garde, un lieu de socialisation ou de loisirs<\/strong> pour votre enfant\u00a0?\u00a0<\/span><\/p>\n<p><span style=\"font-weight: 400;\">Notre \u00e9quipe peut vous soutenir dans vos d\u00e9marche<\/span><span style=\"font-weight: 400;\">s et soutenir le parcours d&rsquo;accueil de votre enfant, que ce soit en :\u00a0<\/span><\/p>\n<ul>\n<li style=\"font-weight: 400;\" aria-level=\"1\"><span style=\"font-weight: 400;\">Cr\u00e8che<\/span><\/li>\n<li aria-level=\"1\">Chez un\u00b7e assistant\u00b7e maternel\u00b7le<\/li>\n<li style=\"font-weight: 400;\" aria-level=\"1\"><span style=\"font-weight: 400;\">Accueil de loisirs sans h\u00e9bergement (p\u00e9riscolaires et extrascolaires)<\/span><\/li>\n<li aria-level=\"1\">Accueil de jeunes<\/li>\n<\/ul>\n<p>Notre accompagnement s&rsquo;adapte au rythme des familles et prend appui sur les partenaires potentiels de l&rsquo;enfant (m\u00e9decins, kin\u00e9sith\u00e9rapeutes, psychomotricien, orthophoniste, \u00e9ducateurs\u2026).<\/p>\n<p>Le projet d&rsquo;accueil se construit avec vous et l&rsquo;assistante maternelle ou la structure d&rsquo;accueil. Le suivi sur site et les ajustements sont r\u00e9guliers. Un relai est propos\u00e9 vers les nouveaux modes d&rsquo;accueil ou pour l&rsquo;entr\u00e9e \u00e0 l&rsquo;\u00e9cole.<\/div>[\/vc_column_inner][\/vc_row_inner]\n\t\t\t\t\t\t\t<div class=\"clear\"><\/div>\n\t\t\t\t\t\t<\/div>\n\t\t\t\t\t<\/div><div  class=\"swmsc_fancy_heading swmsc_fancy_heading_center fh_icon_star\" style=\"margin-top:40px;margin-bottom:40px;\">\n\t\t\t\t\t\t<div class=\"swmsc_fancy_heading_text\" style=\"font-size:30px;line-height:36px;\">\n\t\t\t\t\t\t\tNotre accompagnement\n\t\t\t\t\t\t\t<div class=\"swmsc_fancy_heading_border\">\n\t\t\t\t\t\t\t\t<span class=\"swmsc_fancy_heading_border1\" style=\"background:#f8b54d;\"><\/span>\n\t\t\t\t\t\t\t\t<span class=\"swmsc_fancy_heading_border2\" style=\"background:#f8b54d;\"><\/span>\n\t\t\t\t\t\t\t\t<span class=\"swmsc_fancy_heading_icon\"><i class=\"fa fa-star\"  style=\"color:#8373ce;\"><\/i><\/span>\n\t\t\t\t\t\t\t<\/div>\n\t\t\t\t\t\t<\/div>\n\t\t\t\t\t<\/div>[\/vc_column][\/vc_row][vc_row][vc_column width=\u00a0\u00bb1\/2&Prime;]<div  class=\"swmsc_text_block\" > Aupr\u00e8s des familles:<\/p>\n<ul>\n<li>Recueillir les attentes de la familles et les besoins de l&rsquo;enfant (capacit\u00e9s, personnalit\u00e9, points de vigilance)<\/li>\n<li>Rechercher le lieu ou mode d&rsquo;accueil de proximit\u00e9<\/li>\n<li>Accompagner la rencontre et r\u00e9fl\u00e9chir aux modalit\u00e9s et conditions d&rsquo;accueil<\/li>\n<li>Mobiliser, si besoin, les partenaires de l&rsquo;enfant (m\u00e9decin, kin\u00e9, orthophoniste, \u00e9ducateurs)<\/li>\n<li>Soutenir les premiers jours d&rsquo;accueil de l&rsquo;enfant et proposer des ajustements pour un accueil inclusif<\/li>\n<li>Favoriser les passerelles et les relais vers les \u00e9coles, les temps p\u00e9riscolaires ou autres structures d&rsquo;accueil<\/li>\n<li>Orienter les parents vers des r\u00e9ponses adapt\u00e9es \u00e0 leurs besoins (R\u00e9pit, sant\u00e9, vacances\u2026)<\/li>\n<\/ul>\n<\/div>[\/vc_column][vc_column width=\u00a0\u00bb1\/2&Prime;]<div  class=\"swmsc_text_block\" > Aupr\u00e8s des professionnels petite enfance et des loisirs:<\/p>\n<ul>\n<li><span style=\"font-weight: 400;\">Interroger les gestionnaires et professionnels sur la capacit\u00e9 \u00e0 accueillir, les moyens et aides disponibles, la communication aux familles<\/span><\/li>\n<li><span style=\"font-weight: 400;\">Sensibiliser les professionnels \u00e0 l\u2019accueil inclusif\u00a0 (diversit\u00e9, handicap), les enfants sur leurs diff\u00e9rences, leurs ressemblances et au vivre ensemble.<\/span><\/li>\n<li>Former aux pratiques inclusives<\/li>\n<li><span style=\"font-weight: 400;\">Favoriser un partenariat de co\u00e9ducation entre les diff\u00e9rents types d\u2019accueil, les familles et les partenaires de l\u2019enfant.\u00a0<\/span><\/li>\n<li>Soutenir l&rsquo;accueil de l&rsquo;enfant (encadrement, mat\u00e9riel, observations, conseils)<\/li>\n<\/ul>\n<\/div>[\/vc_column][\/vc_row][vc_row][vc_column css=\u00a0\u00bb.vc_custom_1736258865074{background-color: #ffffff !important;border-radius: 2px !important;}\u00a0\u00bb][vc_single_image image=\u00a0\u00bb2280&Prime; img_size=\u00a0\u00bbfull\u00a0\u00bb alignment=\u00a0\u00bbcenter\u00a0\u00bb onclick=\u00a0\u00bblink_image\u00a0\u00bb css=\u00a0\u00bb.vc_custom_1736258777253{background-color: #ffffff !important;}\u00a0\u00bb][\/vc_column][\/vc_row]\n","protected":false},"excerpt":{"rendered":"<p>[vc_row][vc_column][\/vc_column][\/vc_row][vc_row][vc_column width=\u00a0\u00bb1\/2&Prime;][\/vc_column][vc_column width=\u00a0\u00bb1\/2&Prime;][\/vc_column][\/vc_row][vc_row][vc_column css=\u00a0\u00bb.vc_custom_1736258865074{background-color: #ffffff !important;border-radius: 2px !important;}\u00a0\u00bb][vc_single_image image=\u00a0\u00bb2280&Prime; img_size=\u00a0\u00bbfull\u00a0\u00bb alignment=\u00a0\u00bbcenter\u00a0\u00bb onclick=\u00a0\u00bblink_image\u00a0\u00bb css=\u00a0\u00bb.vc_custom_1736258777253{background-color: #ffffff !important;}\u00a0\u00bb][\/vc_column][\/vc_row]<\/p>\n","protected":false},"author":2,"featured_media":0,"parent":0,"menu_order":0,"comment_status":"closed","ping_status":"closed","template":"","meta":{"footnotes":""},"class_list":["post-1562","page","type-page","status-publish","hentry"],"_links":{"self":[{"href":"https:\/\/poleressources12.fr\/index.php\/wp-json\/wp\/v2\/pages\/1562","targetHints":{"allow":["GET"]}}],"collection":[{"href":"https:\/\/poleressources12.fr\/index.php\/wp-json\/wp\/v2\/pages"}],"about":[{"href":"https:\/\/poleressources12.fr\/index.php\/wp-json\/wp\/v2\/types\/page"}],"author":[{"embeddable":true,"href":"https:\/\/poleressources12.fr\/index.php\/wp-json\/wp\/v2\/users\/2"}],"replies":[{"embeddable":true,"href":"https:\/\/poleressources12.fr\/index.php\/wp-json\/wp\/v2\/comments?post=1562"}],"version-history":[{"count":29,"href":"https:\/\/poleressources12.fr\/index.php\/wp-json\/wp\/v2\/pages\/1562\/revisions"}],"predecessor-version":[{"id":2283,"href":"https:\/\/poleressources12.fr\/index.php\/wp-json\/wp\/v2\/pages\/1562\/revisions\/2283"}],"wp:attachment":[{"href":"https:\/\/poleressources12.fr\/index.php\/wp-json\/wp\/v2\/media?parent=1562"}],"curies":[{"name":"wp","href":"https:\/\/api.w.org\/{rel}","templated":true}]}}