{"id":2311,"date":"2025-09-08T14:21:53","date_gmt":"2025-09-08T12:21:53","guid":{"rendered":"https:\/\/poleressources12.fr\/?page_id=2311"},"modified":"2025-09-08T14:40:10","modified_gmt":"2025-09-08T12:40:10","slug":"soutenir-et-accompagner-les-professionnels-de-la-petite-enfance","status":"publish","type":"page","link":"https:\/\/poleressources12.fr\/index.php\/soutenir-et-accompagner-les-professionnels-de-la-petite-enfance\/","title":{"rendered":"Petite enfance"},"content":{"rendered":"<div class=\"wp-block-image\">\n<figure class=\"aligncenter size-full is-resized\"><img loading=\"lazy\" decoding=\"async\" width=\"500\" height=\"300\" src=\"https:\/\/poleressources12.fr\/wp-content\/uploads\/2025\/09\/Sans-titre-500-x-300-px.png\" alt=\"\" class=\"wp-image-2312\" style=\"width:468px;height:auto\" srcset=\"https:\/\/poleressources12.fr\/wp-content\/uploads\/2025\/09\/Sans-titre-500-x-300-px.png 500w, https:\/\/poleressources12.fr\/wp-content\/uploads\/2025\/09\/Sans-titre-500-x-300-px-300x180.png 300w\" sizes=\"auto, (max-width: 500px) 100vw, 500px\" \/><\/figure>\n<\/div>\n\n\n<p class=\"has-text-align-center\" style=\"font-size:17px\">L&rsquo;\u00e9quipe du PRAI 12 soutient et accompagne les professionnels de la Petite Enfance (0-6 ans)<\/p>\n\n\n\n<p class=\"has-text-align-center has-text-color has-link-color wp-elements-50b577ff46b3b9b5e29efbdb34963b8c\" style=\"color:#019191\">Le service est gratuit et accessible \u00e0 tous<\/p>\n\n\n\n<p class=\"has-background\" style=\"background-color:#019191\"><strong>Informer, conseiller<\/strong><\/p>\n\n\n\n<p class=\"has-text-color has-link-color wp-elements-b4e228d1ca248d6658c94b824387ba2c\" style=\"color:#019191\">Un lieu ressources pour toutes les questions en lien avec l\u2019inclusion de l\u2019enfant en situation de handicap, pr\u00e9sentant une maladie chronique, ou exprimant des besoins particuliers. <\/p>\n\n\n\n<p><em>Situ\u00e9 au rez-de-chauss\u00e9e au sein de la f\u00e9d\u00e9ration familles rurales \u00e0 Rodez, le P\u00f4le Ressources peut accueillir les familles et les professionnels. Il dispose d&rsquo;un bureau, d&rsquo;une salle d&rsquo;animation, d&rsquo;une salle de formation et d&rsquo;une salle Snoezelen<\/em>.<em> Accessible aux personnes \u00e0 mobilit\u00e9 r\u00e9duite.<\/em><\/p>\n\n\n\n<p class=\"has-text-color has-link-color wp-elements-efbfda55ba3b4d5396688cb011c2d1a8\" style=\"color:#f58958\">Mise \u00e0 disposition de ressources documentaires et livres sur demande<\/p>\n\n\n\n<p class=\"has-background\" style=\"background-color:#019191\"><strong>Quand le doute et les questionnements arrivent<\/strong><\/p>\n\n\n\n<p class=\"has-text-color has-link-color wp-elements-2393799b2e16e0d6af172a4d5f52ce9e\" style=\"color:#019191\">Accompagner les professionnels de la Petite Enfance dans leurs observations, leurs questionnements et la d\u00e9marche de rep\u00e9rage des signes de d\u00e9veloppement inhabituel de l\u2019enfant.<\/p>\n\n\n\n<p><em>Sur sollicitation de la structure ou du professionnel et avec l&rsquo;accord de la famille, un \u00e9ducateur du PRAI peut r\u00e9aliser sur site un temps d&rsquo;observation afin de percevoir la situation d&rsquo;accueil d&rsquo;un enfant. Cela peut cibler le contexte d&rsquo;apparition de certains comportements ou plus globalement son d\u00e9veloppement. Cette observation viendra compl\u00e9ter celles r\u00e9alis\u00e9es par l&rsquo;\u00e9quipe d&rsquo;accueil et sera pr\u00e9sent\u00e9e aux parents. Un compte-rendu est ainsi r\u00e9dig\u00e9 et pourra soutenir les d\u00e9marches \u00e9ventuelles \u00e0 entreprendre.<\/em><\/p>\n\n\n\n<p class=\"has-text-color has-link-color wp-elements-cee9b0c3868bdf23ce75668389272b8b\" style=\"color:#f58958\">Conseils, fiches d&rsquo;observation, livret de rep\u00e9rage<\/p>\n\n\n\n<p class=\"has-background\" style=\"background-color:#019191\"><strong>Pr\u00e9parer et accompagner les projets d&rsquo;inclusion<\/strong><\/p>\n\n\n\n<p class=\"has-text-color has-link-color wp-elements-7d531ed1bc26b532a96189d72c1e95e3\" style=\"color:#019191\">Un appui personnalis\u00e9 est propos\u00e9 pour chaque enfant.<\/p>\n\n\n\n<p><em>Le projet d\u2019inclusion (ou projet d\u2019accueil personnalis\u00e9) se caract\u00e9rise par:<\/em><\/p>\n\n\n\n<ul class=\"wp-block-list\">\n<li><em>un recueil d&rsquo;informations aupr\u00e8s de la famille (besoins, attentes, situation de l&rsquo;enfant), <\/em><\/li>\n\n\n\n<li><em>la mobilisation des professionnels ressources (m\u00e9dico-social, soins, lib\u00e9ral&#8230;) autour du projet d&rsquo;accueil, <\/em><\/li>\n\n\n\n<li><em>des propositions d&rsquo;organisation, d\u2019am\u00e9nagements, d&rsquo;adaptations et de mat\u00e9riel<\/em><\/li>\n\n\n\n<li><em>l&rsquo;aide \u00e0 la recherche de financements (encadrement, mat\u00e9riel) <\/em><\/li>\n\n\n\n<li><em>et le suivi de l\u2019accueil (point de situation, ajustement, relai vers l\u2019\u00e9cole).<\/em><\/li>\n<\/ul>\n\n\n\n<p class=\"has-text-color has-link-color wp-elements-648eb2b07cbed3857d5c6007e576356a\" style=\"color:#f58958\">Fiche de connaissance, projet d&rsquo;accueil personnalis\u00e9, point de situation<\/p>\n\n\n\n<p class=\"has-background\" style=\"background-color:#019191\"><strong>Accompagner la mise en \u0153uvre de pratiques et d&rsquo;organisations plus inclusives<\/strong><\/p>\n\n\n\n<p class=\"has-text-color has-link-color wp-elements-40d1cf1904aacc9018d774a7b742c584\" style=\"color:#019191\">L&rsquo;\u00e9quipe du PRAI vous accompagne dans votre d\u00e9marche d&rsquo;inclusion<\/p>\n\n\n\n<p><em>Nous venons rencontrer votre \u00e9quipe pour \u00e9changer sur vos pratiques et vos organisations afin de les rendre plus inclusives. Cela peut concerner diff\u00e9rents domaines tels que l&rsquo;observation, la parentalit\u00e9, le mat\u00e9riel et les jeux ou l&rsquo;am\u00e9nagement de l&rsquo;espace par exemple.<\/em><\/p>\n\n\n\n<p class=\"has-text-color has-link-color wp-elements-2b1f53eb7696318502e1b3c94f5218ec\" style=\"color:#f58958\">R\u00e9unions, halte-jeux, fiches conseils, outils<\/p>\n\n\n\n<p class=\"has-background\" style=\"background-color:#019191\"><strong>Sensibiliser<\/strong><\/p>\n\n\n\n<p class=\"has-text-color has-link-color wp-elements-3576f1ab9da1e64de11a0d9fd3f924e5\" style=\"color:#019191\">Des outils pour accompagner le changement de regard et questionner les repr\u00e9sentations individuelles et collectives.<\/p>\n\n\n\n<p><em>Les malles p\u00e9dagogiques du P\u00f4le Ressources proposent diff\u00e9rents supports pour exp\u00e9rimenter, parler, r\u00e9fl\u00e9chir, se questionner sur des th\u00e8mes tels que le handicap, la diff\u00e9rence, la motricit\u00e9, la communication, l&rsquo;alimentation, les \u00e9motions, les sens ou la relaxation. Emprunter une malle n\u00e9cessite de r\u00e9fl\u00e9chir \u00e0 son projet d&rsquo;utilisation: pour qui? pourquoi? Quand? comment? Avec quoi? <\/em><\/p>\n\n\n\n<p><em>La malle vous est pr\u00e9sent\u00e9e par une \u00e9ducatrice du PRAI qui vous accompagnera \u00e9galement dans la d\u00e9finition de votre projet.<\/em><\/p>\n\n\n\n<p><em>Une action de sensibilisation peut \u00e9galement \u00eatre convenue sur un temps de r\u00e9union, une journ\u00e9e p\u00e9dagogique, une rencontre de territoire.<\/em><\/p>\n\n\n\n<p class=\"has-text-color has-link-color wp-elements-abf093d548cd291bb56c072540fd07cc\" style=\"color:#f58958\">Les malles p\u00e9dagogiques du PRAI sont disponibles gratuitement et sur r\u00e9servation au 05 65 75 54 00 ou par mail \u00e0 poleressources12@famillesrurales.org. <\/p>\n\n\n\n<p><\/p>\n","protected":false},"excerpt":{"rendered":"<p>L&rsquo;\u00e9quipe du PRAI 12 soutient et accompagne les professionnels de la Petite Enfance (0-6 ans) Le service est gratuit et accessible \u00e0 tous Informer, conseiller Un lieu ressources pour toutes les questions en lien avec l\u2019inclusion de l\u2019enfant en situation de handicap, pr\u00e9sentant une maladie chronique, ou exprimant des besoins [&hellip;]<\/p>\n","protected":false},"author":2,"featured_media":0,"parent":0,"menu_order":0,"comment_status":"closed","ping_status":"closed","template":"","meta":{"footnotes":""},"class_list":["post-2311","page","type-page","status-publish","hentry"],"_links":{"self":[{"href":"https:\/\/poleressources12.fr\/index.php\/wp-json\/wp\/v2\/pages\/2311","targetHints":{"allow":["GET"]}}],"collection":[{"href":"https:\/\/poleressources12.fr\/index.php\/wp-json\/wp\/v2\/pages"}],"about":[{"href":"https:\/\/poleressources12.fr\/index.php\/wp-json\/wp\/v2\/types\/page"}],"author":[{"embeddable":true,"href":"https:\/\/poleressources12.fr\/index.php\/wp-json\/wp\/v2\/users\/2"}],"replies":[{"embeddable":true,"href":"https:\/\/poleressources12.fr\/index.php\/wp-json\/wp\/v2\/comments?post=2311"}],"version-history":[{"count":5,"href":"https:\/\/poleressources12.fr\/index.php\/wp-json\/wp\/v2\/pages\/2311\/revisions"}],"predecessor-version":[{"id":2323,"href":"https:\/\/poleressources12.fr\/index.php\/wp-json\/wp\/v2\/pages\/2311\/revisions\/2323"}],"wp:attachment":[{"href":"https:\/\/poleressources12.fr\/index.php\/wp-json\/wp\/v2\/media?parent=2311"}],"curies":[{"name":"wp","href":"https:\/\/api.w.org\/{rel}","templated":true}]}}